1 + -8693c3?
-8693b2
In base 11, what is -19 - 18252?
-18270
In base 14, what is -10d + a898?
a789
In base 9, what is 6 - -776662045?
776662052
In base 16, what is -5 - 171732?
-171737
In base 10, what is 43 + 11786?
11829
In base 10, what is -6190819 + -2?
-6190821
In base 7, what is 6543635453 + -3?
6543635450
In base 16, what is 4 + -371afe?
-371afa
In base 5, what is -212112 - 4340320?
-10102432
In base 13, what is -4 + 869c948?
869c944
In base 5, what is -31442131003 - 3?
-31442131011
In base 3, what is 0 + 11011202012122?
11011202012122
In base 3, what is -120021121110221 - -11?
-120021121110210
In base 3, what is -221 + 1101200000001201?
1101200000000210
In base 14, what is 3 + 122a394?
122a397
In base 7, what is 233363 - 3?
233360
In base 15, what is -3514ae7 + -4?
-3514aeb
In base 6, what is -201425403 - 12?
-201425415
In base 8, what is 400551131 - 1?
400551130
In base 14, what is -a7c01 - -2b?
-a7bb4
In base 14, what is -530 + 43a3?
3c73
In base 15, what is -11 - 83ec?
-840d
In base 11, what is -71 - -132a077?
132a006
In base 15, what is -2a81e9 + 18?
-2a81d1
In base 16, what is -8613b28 + -4?
-8613b2c
In base 4, what is 31022 - 110200?
-13112
In base 15, what is 30d35 + 1080?
31db5
In base 5, what is 200212003 + -302?
200211201
In base 11, what is 782 - 93140?
-92469
In base 15, what is -683c + 2d1?
-655b
In base 4, what is 11202 + -1333000?
-1321132
In base 14, what is -a44 + -26068?
-26aac
In base 12, what is -29705 + 1?
-29704
In base 12, what is 87 + 368409?
368494
In base 3, what is -12 - -12011121212200120?
12011121212200101
In base 6, what is 1550122034 + -2?
1550122032
In base 10, what is 809 + 5291?
6100
In base 8, what is -16407 + -3335?
-21744
In base 13, what is 202b73 - 2?
202b71
In base 6, what is 44514435 + 4?
44514443
In base 5, what is -13440334 + -114130?
-14110014
In base 14, what is 1762 + c884?
10206
In base 15, what is -199ab - -c?
-1999e
In base 14, what is 11 + 3b9c31?
3b9c42
In base 5, what is -3 - 433043111?
-433043114
In base 6, what is 15544520205 - -3?
15544520212
In base 13, what is -48 + -1bc432?
-1bc47a
In base 9, what is 122 + -3241?
-3118
In base 9, what is 1 - -136484521?
136484522
In base 4, what is -1302 + -3323003?
-3330311
In base 14, what is -31 - -277a?
2749
In base 13, what is -8c808 + -ac?
-8c8b7
In base 14, what is 3 + -2719a?
-27197
In base 11, what is 5 + 29a526?
29a530
In base 12, what is 423 + -158b?
-1168
In base 8, what is 2 - 2225451422?
-2225451420
In base 14, what is -2 - -6cb5a1?
6cb59d
In base 15, what is -d5 + -bc802?
-bc8d7
In base 4, what is -1323021 + 22020?
-1301001
In base 14, what is 50586c + -5?
505867
In base 5, what is -12331111 - -4213?
-12321343
In base 8, what is 1206 - 10030?
-6622
In base 14, what is 3 + -631c4d1?
-631c4cc
In base 16, what is 11a + -6fe7?
-6ecd
In base 5, what is -4223 + 3032100?
3022322
In base 10, what is -119076 + -27?
-119103
In base 8, what is -30455062 - -33?
-30455027
In base 14, what is -5388 + -d6bb?
-14a65
In base 12, what is 1206ab3 - -2?
1206ab5
In base 11, what is 5 - -4484a3?
4484a8
In base 3, what is -1121210111012 + -2102?
-1121210120121
In base 5, what is -11011 - -41204434?
41143423
In base 2, what is -1000011111101 - 1110011000011?
-10110111000000
In base 11, what is -aa51 + -675?
-10616
In base 8, what is -157663 - -15040?
-142623
In base 14, what is 2 - 20b12?
-20b10
In base 8, what is -3 + 4376573?
4376570
In base 15, what is -70a3c12 + -4?
-70a3c16
In base 11, what is 8326a65 - -4?
8326a69
In base 7, what is 452 + 3241460?
3242242
In base 5, what is -2 - 32400244310?
-32400244312
In base 15, what is -5a95 - eb7a?
-15720
In base 4, what is 1 - -123201100?
123201101
In base 3, what is -22112102212000102 + 12?
-22112102212000020
In base 15, what is 33956 + -104?
33852
In base 10, what is 231 + -250813?
-250582
In base 12, what is -3554 + 1689?
-1a87
In base 5, what is 104122000 - -1?
104122001
In base 9, what is 755758 - -33?
755802
In base 15, what is -243 + -1946c8?
-19491b
In base 12, what is 34 - -4a2298?
4a2310
In base 16, what is -c0339 - -1c5?
-c0174
In base 9, what is 5 + 8245224?
8245230
In base 10, what is -2 + -28400206?
-28400208
In base 13, what is -3a + -1006640?
-100667a
In base 16, what is -6754 + -2e8d?
-95e1
In base 15, what is -a2ac6a5 - -5?
-a2ac6a0
In base 12, what is -9312 + 55?
-9279
In base 4, what is -310132021233211 - -2?
-310132021233203
In base 13, what is -82558 + 142?
-82416
In base 14, what is -2dad - -5?
-2da8
In base 8, what is -653 + -3046663?
-3047536
In base 13, what is 3581 + -1350?
2231
In base 11, what is 10 - -685a311?
685a321
In base 13, what is -217 + -49595?
-497ac
In base 12, what is 8511 + 5499?
119aa
In base 16, what is 43 + 1cf28?
1cf6b
In base 15, what is -33 + 4e7e42?
4e7e0e
In base 2, what is 101001010101011011010000 + 101?
101001010101011011010101
In base 3, what is 21112120120 + 12211?
21112210101
In base 2, what is -101 + -110100011011010100111001?
-110100011011010100111110
In base 3, what is -12101111 + -201211?
-20010022
In base 13, what is 14810800a - 4?
148108006
In base 7, what is -20524 + -10654?
-31511
In base 10, what is 2 + 149933195?
149933197
In base 14, what is -1cb631 - -65?
-1cb5aa
In base 7, what is 55 + 24543?
24631
In base 4, what is 13121 + 2321030303?
2321110030
In base 3, what is 121012 - -21221021201?
21221212220
In base 13, what is 586 + -4c18?
-4662
In base 13, what is -1 + 80608ca?
80608c9
In base 13, what is 2 - 80973c4?
-80973c2
In base 10, what is 4683 + -28932?
-24249
In base 13, what is 5 - -38a61b?
38a623
In base 14, what is a0968277 - 2?
a0968275
In base 7, what is -21 + -5333001?
-5333022
In base 5, what is -11231230 - 423?
-11232203
In base 14, what is 5 + 24889506?
2488950b
In base 11, what is 870 - -5462?
6222
In base 15, what is -9 + 2631c?
26313
In base 15, what is 2 + 355c7?
355c9
In base 11, what is 662 - 2488?
-1926
In base 16, what is 0 - -1a3c74a?
1a3c74a
In base 2, what is 1010111110111001 + -100110010?
1010111010000111
In base 7, what is 1032533 - -33600?
1066433
In base 6, what is 2010144131 + 5?
2010144140
In base 15, what is 709914 + -2?
709912
In base 13, what is 36 - 59710?
-596a7
In base 14, what is 17b42a - -8b?
17b4b7
In base 5, what is 2104 + 10114330?
10121434
In base 14, what is -4c89 + 4d5?
-4794
In base 5, what is -4 + -41433440203?
-41433440212
In base 8, what is -1000533755 - 1?
-1000533756
In base 3, what is 2001 + 102222210120?
102222212121
In base 4, what is 0 + -213311103320?
-213311103320
In base 11, what is -6136a477 + 0?
-6136a477
In base 5, what is 10 + -10411330320?
-10411330310
In base 10, what is -72 - -370715?
370643
In base 11, what is 6 - -123688?
123693
In base 6, what is -2134223 - -12151?
-2122032
In base 4, what is 12132320 + 11130?
12210110
In base 7, what is -1 - -112266366?
112266365
In base 3, what is 200221 - -11200120010?
11201021001
In base 10, what is 1630000 + -572?
1629428
In base 5, what is -21413323 + -324?
-21414202
In base 9, what is -1776471 - 26?
-1776507
In base 15, what is 20 - -110a824?
110a844
In base 6, what is 1 - -5231455502?
5231455503
In base 6, what is -2025252 + 501?
-2024351
In base 5, what is -23403 - -10210?
-13143
In base 5, what is -233012034 - 0?
-233012034
In base 10, what is -153 + -921508?
-921661
In base 3, what is -201100112000 - 1202?
-201100120202
In base 13, what is -12acbb7 - 1?
-12acbb8
In base 7, what is -2 - 522105506?
-522105511
In base 13, what is 0 - 1453b04?
-1453b04
In base 13, what is -4 - -4915c7?
4915c3
In base 14, what is 6 - 46c110?
-46c108
In base 8, what is 13477112 - -14?
13477126
In base 14, what is 20 + -a40cb?
-a40ab
In base 6, what is -35 + -110244454?
-110244533
In base 6, what is 23340 + 11104?
34444
In base 14, what is 469083a - -4?
4690840
In base 6, what is -145 - 11121540?
-11122125
In base 5, what is -1 + -20243133110?
-20243133111
In base 16, what is -6 + 22c2c9?
22c2c3
In base 14, what is -2 - 9a3b4?
-9a3b6
In base 3, what is 2201110201111011 + 1?
2201110201111012
In base 14, what is 1 + 22b278?
22b279
In base 2, what is 1011111001010001010110 - -11?
1011111001010001011001
In base 5, what is -242140140 + 122?
-242140013
In base 8, what is 23 - 106523572?
-106523547
In base 16, what is -2 + 9cd42b?
9cd429
In base 14, what is 